{"id":667,"date":"2014-03-10T10:13:00","date_gmt":"2014-03-10T09:13:00","guid":{"rendered":"http:\/\/treteaux.ch\/cms\/?page_id=667"},"modified":"2026-04-13T09:03:18","modified_gmt":"2026-04-13T08:03:18","slug":"location","status":"publish","type":"page","link":"https:\/\/treteaux.ch\/cms\/renseignements-pratiques\/location\/","title":{"rendered":"Location de la salle"},"content":{"rendered":"<div class=\"et_d4_element et_pb_section et_pb_section_0  et_pb_css_mix_blend_mode et_section_regular et_block_section\" >\n\t\t\t\t\n\t\t\t\t\n\t\t\t\t\n\t\t\t\t\n\t\t\t\t\n\t\t\t\t\n\t\t\t\t<div class=\"et_d4_element et_pb_row et_pb_row_0  et_pb_css_mix_blend_mode et_block_row\">\n\t\t\t\t<div class=\"et_d4_element et_pb_column_4_4 et_pb_column et_pb_column_0  et_pb_css_mix_blend_mode et-last-child et_block_column\">\n\t\t\t\t\n\t\t\t\t\n\t\t\t\t\n\t\t\t\t\n\t\t\t\t<div class=\"et_pb_module et_d4_element et_pb_nextend_smart_slider_3 et_pb_nextend_smart_slider_3_0\">\n\t\t\t\t\n\t\t\t\t\n\t\t\t\t\n\t\t\t\t\n\t\t\t\t\n\t\t\t\t\n\t\t\t\t<div class=\"et_pb_module_inner\">\n\t\t\t\t\t\n\t\t\t\t<\/div>\n\t\t\t<\/div><div class=\"et_pb_module et_d4_element et_pb_text et_pb_text_0  et_pb_text_align_left et_pb_bg_layout_light\">\n\t\t\t\t\n\t\t\t\t\n\t\t\t\t\n\t\t\t\t\n\t\t\t\t<div class=\"et_pb_text_inner\"><h1>Local des Tr\u00e9teaux de Chalamala<\/h1>\n<h2>Location<\/h2>\n<p>Le local \u00e0 louer, attenant au parc du cimeti\u00e8re rue de Dardens 15 \u00e0 Bulle (en face du MacDonald), a une surface de 150 m2 et peut recevoir 80 personnes.<\/p>\n<p>Une cuisine et de la vaisselle peuvent \u00eatre lou\u00e9es en option.<\/p>\n<p>Merci de remplir notre <strong><a href=\"https:\/\/formulaires.treteaux.ch\/index.php\/181959?lang=fr\">formulaire <\/a><\/strong>pour solliciter une r\u00e9servation. Nous reprendrons contact avec vous dans les meilleurs d\u00e9lais pour vous la confirmer et vous donner tous les renseignements de disponibilit\u00e9, de prix et de conditions de location.<\/p>\n<p>Le calendrier ci-dessous vous permet \u00e9galement de visualiser les disponibilit\u00e9s de ce local.<\/p><\/div>\n\t\t\t<\/div>\n\t\t\t<\/div>\n\t\t\t\t\n\t\t\t\t\n\t\t\t\t\n\t\t\t\t\n\t\t\t<\/div><div class=\"et_d4_element et_pb_row et_pb_row_1  et_pb_css_mix_blend_mode et_block_row\">\n\t\t\t\t<div class=\"et_d4_element et_pb_column_4_4 et_pb_column et_pb_column_1  et_pb_css_mix_blend_mode et-last-child et_block_column\">\n\t\t\t\t\n\t\t\t\t\n\t\t\t\t\n\t\t\t\t\n\t\t\t\t<div class=\"et_pb_module et_d4_element et_pb_text et_pb_text_1  et_pb_text_align_left et_pb_bg_layout_light\">\n\t\t\t\t\n\t\t\t\t\n\t\t\t\t\n\t\t\t\t\n\t\t\t\t<div class=\"et_pb_text_inner\"><h2>Calendrier des r\u00e9servations<\/h2><\/div>\n\t\t\t<\/div><div class=\"et_pb_module et_d4_element et_pb_text et_pb_text_2  et_pb_text_align_left et_pb_bg_layout_light\">\n\t\t\t\t\n\t\t\t\t\n\t\t\t\t\n\t\t\t\t\n\t\t\t\t<div class=\"et_pb_text_inner\"><iframe loading=\"lazy\" src=\"https:\/\/calendar.google.com\/calendar\/embed?height=600&amp;wkst=2&amp;ctz=Europe%2FParis&amp;bgcolor=%23c3dda8&amp;src=cmVzZXJ2YXRpb25zLnRyZXRlYXV4QGdtYWlsLmNvbQ&amp;color=%23039BE5\" style=\"border: solid 1px #777;\" width=\"100%\" height=\"600\" frameborder=\"0\" scrolling=\"no\"><\/iframe><\/div>\n\t\t\t<\/div>\n\t\t\t<\/div>\n\t\t\t\t\n\t\t\t\t\n\t\t\t\t\n\t\t\t\t\n\t\t\t<\/div>\n\t\t\t\t\n\t\t\t\t\n\t\t\t<\/div>\n","protected":false},"excerpt":{"rendered":"","protected":false},"author":9,"featured_media":0,"parent":43,"menu_order":25,"comment_status":"closed","ping_status":"closed","template":"","meta":{"_acf_changed":false,"ngg_post_thumbnail":0,"_et_pb_use_builder":"on","_et_pb_old_content":"Notre local se trouve \u00e0 la Rue de Dardens 15, en face du McDonald.\r\n\r\n[wpgmza id=\"1\"]","_et_gb_content_width":"","footnotes":""},"class_list":["post-667","page","type-page","status-publish","hentry"],"acf":[],"jetpack_sharing_enabled":true,"_links":{"self":[{"href":"https:\/\/treteaux.ch\/cms\/wp-json\/wp\/v2\/pages\/667","targetHints":{"allow":["GET"]}}],"collection":[{"href":"https:\/\/treteaux.ch\/cms\/wp-json\/wp\/v2\/pages"}],"about":[{"href":"https:\/\/treteaux.ch\/cms\/wp-json\/wp\/v2\/types\/page"}],"author":[{"embeddable":true,"href":"https:\/\/treteaux.ch\/cms\/wp-json\/wp\/v2\/users\/9"}],"replies":[{"embeddable":true,"href":"https:\/\/treteaux.ch\/cms\/wp-json\/wp\/v2\/comments?post=667"}],"version-history":[{"count":34,"href":"https:\/\/treteaux.ch\/cms\/wp-json\/wp\/v2\/pages\/667\/revisions"}],"predecessor-version":[{"id":8453,"href":"https:\/\/treteaux.ch\/cms\/wp-json\/wp\/v2\/pages\/667\/revisions\/8453"}],"up":[{"embeddable":true,"href":"https:\/\/treteaux.ch\/cms\/wp-json\/wp\/v2\/pages\/43"}],"wp:attachment":[{"href":"https:\/\/treteaux.ch\/cms\/wp-json\/wp\/v2\/media?parent=667"}],"curies":[{"name":"wp","href":"https:\/\/api.w.org\/{rel}","templated":true}]}}

<div class="et_d4_element et_pb_section et_pb_section_0  et_pb_css_mix_blend_mode et_section_regular et_block_section" >
				
				
				
				
				
				
				<div class="et_d4_element et_pb_row et_pb_row_0  et_pb_css_mix_blend_mode et_block_row">
				<div class="et_d4_element et_pb_column_4_4 et_pb_column et_pb_column_0  et_pb_css_mix_blend_mode et-last-child et_block_column">
				
				
				
				
				<div class="et_pb_module et_d4_element et_pb_nextend_smart_slider_3 et_pb_nextend_smart_slider_3_0">
				
				
				
				
				
				
				<div class="et_pb_module_inner">
					
				</div>
			</div><div class="et_pb_module et_d4_element et_pb_text et_pb_text_0  et_pb_text_align_left et_pb_bg_layout_light">
				
				
				
				
				<div class="et_pb_text_inner"><h1>Local des Tréteaux de Chalamala</h1>
<h2>Location</h2>
<p>Le local à louer, attenant au parc du cimetière rue de Dardens 15 à Bulle (en face du MacDonald), a une surface de 150 m2 et peut recevoir 80 personnes.</p>
<p>Une cuisine et de la vaisselle peuvent être louées en option.</p>
<p>Merci de remplir notre <strong><a href="https://formulaires.treteaux.ch/index.php/181959?lang=fr">formulaire </a></strong>pour solliciter une réservation. Nous reprendrons contact avec vous dans les meilleurs délais pour vous la confirmer et vous donner tous les renseignements de disponibilité, de prix et de conditions de location.</p>
<p>Le calendrier ci-dessous vous permet également de visualiser les disponibilités de ce local.</p></div>
			</div>
			</div>
				
				
				
				
			</div><div class="et_d4_element et_pb_row et_pb_row_1  et_pb_css_mix_blend_mode et_block_row">
				<div class="et_d4_element et_pb_column_4_4 et_pb_column et_pb_column_1  et_pb_css_mix_blend_mode et-last-child et_block_column">
				
				
				
				
				<div class="et_pb_module et_d4_element et_pb_text et_pb_text_1  et_pb_text_align_left et_pb_bg_layout_light">
				
				
				
				
				<div class="et_pb_text_inner"><h2>Calendrier des réservations</h2></div>
			</div><div class="et_pb_module et_d4_element et_pb_text et_pb_text_2  et_pb_text_align_left et_pb_bg_layout_light">
				
				
				
				
				<div class="et_pb_text_inner"><iframe loading="lazy" src="https://calendar.google.com/calendar/embed?height=600&amp;wkst=2&amp;ctz=Europe%2FParis&amp;bgcolor=%23c3dda8&amp;src=cmVzZXJ2YXRpb25zLnRyZXRlYXV4QGdtYWlsLmNvbQ&amp;color=%23039BE5" style="border: solid 1px #777;" width="100%" height="600" frameborder="0" scrolling="no"></iframe></div>
			</div>
			</div>
				
				
				
				
			</div>
				
				
			</div>

Notre local se trouve à la Rue de Dardens 15, en face du McDonald.

[wpgmza id="1"]
