{"id":677,"date":"2014-03-10T10:25:19","date_gmt":"2014-03-10T09:25:19","guid":{"rendered":"http:\/\/treteaux.ch\/cms\/?page_id=677"},"modified":"2026-04-13T09:26:45","modified_gmt":"2026-04-13T08:26:45","slug":"saint-nicolas","status":"publish","type":"page","link":"https:\/\/treteaux.ch\/cms\/saint-nicolas\/","title":{"rendered":"Saint Nicolas"},"content":{"rendered":"<div class=\"et_d4_element et_pb_section et_pb_section_0  et_pb_css_mix_blend_mode et_section_regular et_block_section\" >\n\t\t\t\t\n\t\t\t\t\n\t\t\t\t\n\t\t\t\t\n\t\t\t\t\n\t\t\t\t\n\t\t\t\t<div class=\"et_d4_element et_pb_row et_pb_row_0  et_pb_css_mix_blend_mode et_block_row\">\n\t\t\t\t<div class=\"et_d4_element et_pb_column_4_4 et_pb_column et_pb_column_0  et_pb_css_mix_blend_mode et-last-child et_block_column\">\n\t\t\t\t\n\t\t\t\t\n\t\t\t\t\n\t\t\t\t\n\t\t\t\t<div class=\"et_pb_module et_d4_element et_pb_nextend_smart_slider_3 et_pb_nextend_smart_slider_3_0\">\n\t\t\t\t\n\t\t\t\t\n\t\t\t\t\n\t\t\t\t\n\t\t\t\t\n\t\t\t\t\n\t\t\t\t<div class=\"et_pb_module_inner\">\n\t\t\t\t\t\n\t\t\t\t<\/div>\n\t\t\t<\/div><div class=\"et_pb_module et_d4_element et_pb_text et_pb_text_0  et_pb_text_align_left et_pb_bg_layout_light\">\n\t\t\t\t\n\t\t\t\t\n\t\t\t\t\n\t\t\t\t\n\t\t\t\t<div class=\"et_pb_text_inner\"><h1>Saint Nicolas<\/h1>\n<blockquote><\/blockquote>\n<p>Le premier dimanche de chaque d\u00e9cembre, Saint Nicolas et sa cohorte c\u00e9leste de P\u00e8res Fouettards, de Flonflons et d\u2019angelots, rendent visite aux enfants lors d\u2019un loto \u00e0 l\u2019H\u00f4tel de Ville de Bulle.<\/p>\n<p>Apr\u00e8s avoir jou\u00e9 dans une sayn\u00e8te originale, la compagnie parcourt la ville de Bulle en cort\u00e8ge aux flambeaux. Un discours de l\u2019Ev\u00eaque de Myre cl\u00f4t la manifestation devant le ch\u00e2teau pr\u00e9fectoral.<\/p><\/div>\n\t\t\t<\/div><div class=\"et_pb_module et_d4_element et_pb_text et_pb_text_1  et_pb_text_align_left et_pb_bg_layout_light\">\n\t\t\t\t\n\t\t\t\t\n\t\t\t\t\n\t\t\t\t\n\t\t\t\t<div class=\"et_pb_text_inner\"><h3>&nbsp;<\/h3>\n<h3>&nbsp;<\/h3>\n<h3><strong>Les visites<\/strong><\/h3>\n<p>Saint Nicolas visite les homes, foyers et h\u00f4pitaux, apportant son r\u00e9confort aux malades et aux desh\u00e9rit\u00e9s. Les \u00e9coles enfantines et la garderie font \u00e9galement partie de son programme. Mais l\u2019essentiel de son activit\u00e9 est consacr\u00e9e aux visites vesp\u00e9rales des familles durant toute la semaine. Bien qu\u2019exceptionnellement, il ne d\u00e9daigne pas la fr\u00e9quentation des personnalit\u00e9s des plus hautes sph\u00e8res de l\u2019Etat \u2026<\/p>\n<p>Saint Nicolas, patron de plusieurs corporations comme celles des imprimeurs, des marins et des avocats, est avant tout le patron de tous les enfants, et ceux-ci le lui rendent bien ! Fort attendue et d\u00fbment pr\u00e9par\u00e9e, sa visite suscite des \u0153uvres d\u2019art qui lui sont offertes en remerciement de ses largesses<strong>.<\/strong><\/p><\/div>\n\t\t\t<\/div>\n\t\t\t<\/div>\n\t\t\t\t\n\t\t\t\t\n\t\t\t\t\n\t\t\t\t\n\t\t\t<\/div><div class=\"et_d4_element et_pb_row et_pb_row_1 et_pb_equal_columns et_pb_gutters1  et_pb_css_mix_blend_mode et_block_row\">\n\t\t\t\t<div class=\"et_d4_element et_pb_column_1_3 et_pb_column et_pb_column_1  et_pb_css_mix_blend_mode et_block_column\">\n\t\t\t\t\n\t\t\t\t\n\t\t\t\t\n\t\t\t\t\n\t\t\t\t<div class=\"et_pb_module et_d4_element et_pb_image et_pb_image_0\">\n\t\t\t\t\n\t\t\t\t\n\t\t\t\t\n\t\t\t\t\n\t\t\t\t<a href=\"https:\/\/treteaux.ch\/project\/voulez-vous-la-visite-de-saint-nicolas\/\"><span class=\"et_pb_image_wrap \"><img loading=\"lazy\" decoding=\"async\" width=\"800\" height=\"532\" src=\"https:\/\/treteaux.ch\/cms\/wp-content\/uploads\/2019\/06\/Saint-Nicolas-2010-42.jpg\" alt=\"\" title=\"\" srcset=\"https:\/\/treteaux.ch\/cms\/wp-content\/uploads\/2019\/06\/Saint-Nicolas-2010-42.jpg 800w, https:\/\/treteaux.ch\/cms\/wp-content\/uploads\/2019\/06\/Saint-Nicolas-2010-42-300x200.jpg 300w, https:\/\/treteaux.ch\/cms\/wp-content\/uploads\/2019\/06\/Saint-Nicolas-2010-42-768x511.jpg 768w\" sizes=\"(max-width: 800px) 100vw, 800px\" class=\"wp-image-5471\" \/><\/span><\/a>\n\t\t\t<\/div><div class=\"et_pb_module et_d4_element et_pb_text et_pb_text_2 et_clickable  et_pb_text_align_left et_pb_bg_layout_light\">\n\t\t\t\t\n\t\t\t\t\n\t\t\t\t\n\t\t\t\t\n\t\t\t\t<div class=\"et_pb_text_inner\"><p style=\"text-align: center;\">Voulez-vous la visite de Saint Nicolas ?<\/p><\/div>\n\t\t\t<\/div>\n\t\t\t<\/div><div class=\"et_d4_element et_pb_column_1_3 et_pb_column et_pb_column_2  et_pb_css_mix_blend_mode et_block_column\">\n\t\t\t\t\n\t\t\t\t\n\t\t\t\t\n\t\t\t\t\n\t\t\t\t<div class=\"et_pb_module et_d4_element et_pb_image et_pb_image_1\">\n\t\t\t\t\n\t\t\t\t\n\t\t\t\t\n\t\t\t\t\n\t\t\t\t<a href=\"https:\/\/treteaux.ch\/project\/photos-de-la-saint-nicolas\/\"><span class=\"et_pb_image_wrap \"><img loading=\"lazy\" decoding=\"async\" width=\"800\" height=\"532\" src=\"https:\/\/treteaux.ch\/cms\/wp-content\/uploads\/2019\/06\/2_Saint-Nicolas-2010-9.jpg\" alt=\"\" title=\"\" srcset=\"https:\/\/treteaux.ch\/cms\/wp-content\/uploads\/2019\/06\/2_Saint-Nicolas-2010-9.jpg 800w, https:\/\/treteaux.ch\/cms\/wp-content\/uploads\/2019\/06\/2_Saint-Nicolas-2010-9-300x200.jpg 300w, https:\/\/treteaux.ch\/cms\/wp-content\/uploads\/2019\/06\/2_Saint-Nicolas-2010-9-768x511.jpg 768w\" sizes=\"(max-width: 800px) 100vw, 800px\" class=\"wp-image-5794\" \/><\/span><\/a>\n\t\t\t<\/div><div class=\"et_pb_module et_d4_element et_pb_text et_pb_text_3 et_clickable  et_pb_text_align_left et_pb_bg_layout_light\">\n\t\t\t\t\n\t\t\t\t\n\t\t\t\t\n\t\t\t\t\n\t\t\t\t<div class=\"et_pb_text_inner\"><p style=\"text-align: center;\">Photos de la Saint-Nicolas<\/p><\/div>\n\t\t\t<\/div>\n\t\t\t<\/div><div class=\"et_d4_element et_pb_column_1_3 et_pb_column et_pb_column_3  et_pb_css_mix_blend_mode et-last-child et_block_column\">\n\t\t\t\t\n\t\t\t\t\n\t\t\t\t\n\t\t\t\t\n\t\t\t\t<div class=\"et_pb_module et_d4_element et_pb_image et_pb_image_2\">\n\t\t\t\t\n\t\t\t\t\n\t\t\t\t\n\t\t\t\t\n\t\t\t\t<a href=\"https:\/\/treteaux.ch\/project\/les-discours-de-saint-nicolas\/\"><span class=\"et_pb_image_wrap \"><img loading=\"lazy\" decoding=\"async\" width=\"800\" height=\"532\" src=\"https:\/\/treteaux.ch\/cms\/wp-content\/uploads\/2019\/06\/Saint-Nicolas-2010-2.jpg\" alt=\"\" title=\"\" srcset=\"https:\/\/treteaux.ch\/cms\/wp-content\/uploads\/2019\/06\/Saint-Nicolas-2010-2.jpg 800w, https:\/\/treteaux.ch\/cms\/wp-content\/uploads\/2019\/06\/Saint-Nicolas-2010-2-300x200.jpg 300w, https:\/\/treteaux.ch\/cms\/wp-content\/uploads\/2019\/06\/Saint-Nicolas-2010-2-768x511.jpg 768w\" sizes=\"(max-width: 800px) 100vw, 800px\" class=\"wp-image-5431\" \/><\/span><\/a>\n\t\t\t<\/div><div class=\"et_pb_module et_d4_element et_pb_text et_pb_text_4 et_clickable  et_pb_text_align_left et_pb_bg_layout_light\">\n\t\t\t\t\n\t\t\t\t\n\t\t\t\t\n\t\t\t\t\n\t\t\t\t<div class=\"et_pb_text_inner\"><p style=\"text-align: center;\">Les discours de Saint Nicolas<\/p><\/div>\n\t\t\t<\/div>\n\t\t\t<\/div>\n\t\t\t\t\n\t\t\t\t\n\t\t\t\t\n\t\t\t\t\n\t\t\t<\/div>\n\t\t\t\t\n\t\t\t\t\n\t\t\t<\/div>\n","protected":false},"excerpt":{"rendered":"","protected":false},"author":9,"featured_media":0,"parent":0,"menu_order":31,"comment_status":"closed","ping_status":"closed","template":"","meta":{"_acf_changed":false,"ngg_post_thumbnail":0,"_et_pb_use_builder":"on","_et_pb_old_content":"<p>Le premier dimanche de chaque d\u00e9cembre, Saint Nicolas et sa cohorte c\u00e9leste de P\u00e8res Fouettards, de Flonflons et d\u2019angelots, rendent visite aux enfants lors d\u2019un loto \u00e0 l\u2019H\u00f4tel de Ville de Bulle.<\/p><p>Apr\u00e8s avoir jou\u00e9 dans une sayn\u00e8te originale, la compagnie parcourt la ville de Bulle en cort\u00e8ge aux flambeaux. Un discours de l\u2019Ev\u00eaque de Myre cl\u00f4t la manifestation devant le ch\u00e2teau pr\u00e9fectoral.<br>Saint Nicolas visite les homes, foyers et h\u00f4pitaux, apportant son r\u00e9confort aux malades et aux desh\u00e9rit\u00e9s. Les \u00e9coles enfantines et la garderie font \u00e9galement partie de son programme. Mais l\u2019essentiel de son activit\u00e9 est consacr\u00e9e aux visites vesp\u00e9rales des familles durant toute la semaine. Bien qu\u2019exceptionnellement, il ne d\u00e9daigne pas la fr\u00e9quentation des personnalit\u00e9s des plus hautes sph\u00e8res de l\u2019Etat \u2026<\/p><p>Saint Nicolas, patron de plusieurs corporations comme celles des imprimeurs, des marins et des avocats, est avant tout le patron de tous les enfants, et ceux-ci le lui rendent bien ! Fort attendue et d\u00fbment pr\u00e9par\u00e9e, sa visite suscite des oeuvres d\u2019art qui lui sont offertes en remerciement de ses largesses.<\/p>","_et_gb_content_width":"","footnotes":""},"class_list":["post-677","page","type-page","status-publish","hentry"],"acf":[],"jetpack_sharing_enabled":true,"_links":{"self":[{"href":"https:\/\/treteaux.ch\/cms\/wp-json\/wp\/v2\/pages\/677","targetHints":{"allow":["GET"]}}],"collection":[{"href":"https:\/\/treteaux.ch\/cms\/wp-json\/wp\/v2\/pages"}],"about":[{"href":"https:\/\/treteaux.ch\/cms\/wp-json\/wp\/v2\/types\/page"}],"author":[{"embeddable":true,"href":"https:\/\/treteaux.ch\/cms\/wp-json\/wp\/v2\/users\/9"}],"replies":[{"embeddable":true,"href":"https:\/\/treteaux.ch\/cms\/wp-json\/wp\/v2\/comments?post=677"}],"version-history":[{"count":32,"href":"https:\/\/treteaux.ch\/cms\/wp-json\/wp\/v2\/pages\/677\/revisions"}],"predecessor-version":[{"id":8459,"href":"https:\/\/treteaux.ch\/cms\/wp-json\/wp\/v2\/pages\/677\/revisions\/8459"}],"wp:attachment":[{"href":"https:\/\/treteaux.ch\/cms\/wp-json\/wp\/v2\/media?parent=677"}],"curies":[{"name":"wp","href":"https:\/\/api.w.org\/{rel}","templated":true}]}}

<div class="et_d4_element et_pb_section et_pb_section_0  et_pb_css_mix_blend_mode et_section_regular et_block_section" >
				
				
				
				
				
				
				<div class="et_d4_element et_pb_row et_pb_row_0  et_pb_css_mix_blend_mode et_block_row">
				<div class="et_d4_element et_pb_column_4_4 et_pb_column et_pb_column_0  et_pb_css_mix_blend_mode et-last-child et_block_column">
				
				
				
				
				<div class="et_pb_module et_d4_element et_pb_nextend_smart_slider_3 et_pb_nextend_smart_slider_3_0">
				
				
				
				
				
				
				<div class="et_pb_module_inner">
					
				</div>
			</div><div class="et_pb_module et_d4_element et_pb_text et_pb_text_0  et_pb_text_align_left et_pb_bg_layout_light">
				
				
				
				
				<div class="et_pb_text_inner"><h1>Saint Nicolas</h1>
<blockquote></blockquote>
<p>Le premier dimanche de chaque décembre, Saint Nicolas et sa cohorte céleste de Pères Fouettards, de Flonflons et d’angelots, rendent visite aux enfants lors d’un loto à l’Hôtel de Ville de Bulle.</p>
<p>Après avoir joué dans une saynète originale, la compagnie parcourt la ville de Bulle en cortège aux flambeaux. Un discours de l’Evêque de Myre clôt la manifestation devant le château préfectoral.</p></div>
			</div><div class="et_pb_module et_d4_element et_pb_text et_pb_text_1  et_pb_text_align_left et_pb_bg_layout_light">
				
				
				
				
				<div class="et_pb_text_inner"><h3>&nbsp;</h3>
<h3>&nbsp;</h3>
<h3><strong>Les visites</strong></h3>
<p>Saint Nicolas visite les homes, foyers et hôpitaux, apportant son réconfort aux malades et aux deshérités. Les écoles enfantines et la garderie font également partie de son programme. Mais l’essentiel de son activité est consacrée aux visites vespérales des familles durant toute la semaine. Bien qu’exceptionnellement, il ne dédaigne pas la fréquentation des personnalités des plus hautes sphères de l’Etat …</p>
<p>Saint Nicolas, patron de plusieurs corporations comme celles des imprimeurs, des marins et des avocats, est avant tout le patron de tous les enfants, et ceux-ci le lui rendent bien ! Fort attendue et dûment préparée, sa visite suscite des œuvres d’art qui lui sont offertes en remerciement de ses largesses<strong>.</strong></p></div>
			</div>
			</div>
				
				
				
				
			</div><div class="et_d4_element et_pb_row et_pb_row_1 et_pb_equal_columns et_pb_gutters1  et_pb_css_mix_blend_mode et_block_row">
				<div class="et_d4_element et_pb_column_1_3 et_pb_column et_pb_column_1  et_pb_css_mix_blend_mode et_block_column">
				
				
				
				
				<div class="et_pb_module et_d4_element et_pb_image et_pb_image_0">
				
				
				
				
				<a href="https://treteaux.ch/project/voulez-vous-la-visite-de-saint-nicolas/"><span class="et_pb_image_wrap "><img loading="lazy" decoding="async" width="800" height="532" src="https://treteaux.ch/cms/wp-content/uploads/2019/06/Saint-Nicolas-2010-42.jpg" alt="" title="" srcset="https://treteaux.ch/cms/wp-content/uploads/2019/06/Saint-Nicolas-2010-42.jpg 800w, https://treteaux.ch/cms/wp-content/uploads/2019/06/Saint-Nicolas-2010-42-300x200.jpg 300w, https://treteaux.ch/cms/wp-content/uploads/2019/06/Saint-Nicolas-2010-42-768x511.jpg 768w" sizes="(max-width: 800px) 100vw, 800px" class="wp-image-5471" /></span></a>
			</div><div class="et_pb_module et_d4_element et_pb_text et_pb_text_2 et_clickable  et_pb_text_align_left et_pb_bg_layout_light">
				
				
				
				
				<div class="et_pb_text_inner"><p style="text-align: center;">Voulez-vous la visite de Saint Nicolas ?</p></div>
			</div>
			</div><div class="et_d4_element et_pb_column_1_3 et_pb_column et_pb_column_2  et_pb_css_mix_blend_mode et_block_column">
				
				
				
				
				<div class="et_pb_module et_d4_element et_pb_image et_pb_image_1">
				
				
				
				
				<a href="https://treteaux.ch/project/photos-de-la-saint-nicolas/"><span class="et_pb_image_wrap "><img loading="lazy" decoding="async" width="800" height="532" src="https://treteaux.ch/cms/wp-content/uploads/2019/06/2_Saint-Nicolas-2010-9.jpg" alt="" title="" srcset="https://treteaux.ch/cms/wp-content/uploads/2019/06/2_Saint-Nicolas-2010-9.jpg 800w, https://treteaux.ch/cms/wp-content/uploads/2019/06/2_Saint-Nicolas-2010-9-300x200.jpg 300w, https://treteaux.ch/cms/wp-content/uploads/2019/06/2_Saint-Nicolas-2010-9-768x511.jpg 768w" sizes="(max-width: 800px) 100vw, 800px" class="wp-image-5794" /></span></a>
			</div><div class="et_pb_module et_d4_element et_pb_text et_pb_text_3 et_clickable  et_pb_text_align_left et_pb_bg_layout_light">
				
				
				
				
				<div class="et_pb_text_inner"><p style="text-align: center;">Photos de la Saint-Nicolas</p></div>
			</div>
			</div><div class="et_d4_element et_pb_column_1_3 et_pb_column et_pb_column_3  et_pb_css_mix_blend_mode et-last-child et_block_column">
				
				
				
				
				<div class="et_pb_module et_d4_element et_pb_image et_pb_image_2">
				
				
				
				
				<a href="https://treteaux.ch/project/les-discours-de-saint-nicolas/"><span class="et_pb_image_wrap "><img loading="lazy" decoding="async" width="800" height="532" src="https://treteaux.ch/cms/wp-content/uploads/2019/06/Saint-Nicolas-2010-2.jpg" alt="" title="" srcset="https://treteaux.ch/cms/wp-content/uploads/2019/06/Saint-Nicolas-2010-2.jpg 800w, https://treteaux.ch/cms/wp-content/uploads/2019/06/Saint-Nicolas-2010-2-300x200.jpg 300w, https://treteaux.ch/cms/wp-content/uploads/2019/06/Saint-Nicolas-2010-2-768x511.jpg 768w" sizes="(max-width: 800px) 100vw, 800px" class="wp-image-5431" /></span></a>
			</div><div class="et_pb_module et_d4_element et_pb_text et_pb_text_4 et_clickable  et_pb_text_align_left et_pb_bg_layout_light">
				
				
				
				
				<div class="et_pb_text_inner"><p style="text-align: center;">Les discours de Saint Nicolas</p></div>
			</div>
			</div>
				
				
				
				
			</div>
				
				
			</div>

<p>Le premier dimanche de chaque décembre, Saint Nicolas et sa cohorte céleste de Pères Fouettards, de Flonflons et d’angelots, rendent visite aux enfants lors d’un loto à l’Hôtel de Ville de Bulle.</p><p>Après avoir joué dans une saynète originale, la compagnie parcourt la ville de Bulle en cortège aux flambeaux. Un discours de l’Evêque de Myre clôt la manifestation devant le château préfectoral.<br>Saint Nicolas visite les homes, foyers et hôpitaux, apportant son réconfort aux malades et aux deshérités. Les écoles enfantines et la garderie font également partie de son programme. Mais l’essentiel de son activité est consacrée aux visites vespérales des familles durant toute la semaine. Bien qu’exceptionnellement, il ne dédaigne pas la fréquentation des personnalités des plus hautes sphères de l’Etat …</p><p>Saint Nicolas, patron de plusieurs corporations comme celles des imprimeurs, des marins et des avocats, est avant tout le patron de tous les enfants, et ceux-ci le lui rendent bien ! Fort attendue et dûment préparée, sa visite suscite des oeuvres d’art qui lui sont offertes en remerciement de ses largesses.</p>
