{"id":2120,"date":"2014-03-11T09:41:55","date_gmt":"2014-03-11T08:41:55","guid":{"rendered":"http:\/\/treteaux.ch\/cms\/?page_id=2120"},"modified":"2019-06-14T19:41:32","modified_gmt":"2019-06-14T18:41:32","slug":"la-maison-de-bernarda-alba","status":"publish","type":"project","link":"https:\/\/treteaux.ch\/cms\/project\/la-maison-de-bernarda-alba\/","title":{"rendered":"La Maison de Bernarda Alba"},"content":{"rendered":"<div class=\"et_d4_element et_pb_section et_pb_section_0  et_pb_css_mix_blend_mode et_section_regular et_block_section\" >\n\t\t\t\t\n\t\t\t\t\n\t\t\t\t\n\t\t\t\t\n\t\t\t\t\n\t\t\t\t\n\t\t\t\t<div class=\"et_d4_element et_pb_row et_pb_row_0  et_pb_css_mix_blend_mode et_block_row\">\n\t\t\t\t<div class=\"et_d4_element et_pb_column_4_4 et_pb_column et_pb_column_0  et_pb_css_mix_blend_mode et-last-child et_block_column\">\n\t\t\t\t\n\t\t\t\t\n\t\t\t\t\n\t\t\t\t\n\t\t\t\t<div class=\"et_pb_module et_d4_element et_pb_nextend_smart_slider_3 et_pb_nextend_smart_slider_3_0\">\n\t\t\t\t\n\t\t\t\t\n\t\t\t\t\n\t\t\t\t\n\t\t\t\t\n\t\t\t\t\n\t\t\t\t<div class=\"et_pb_module_inner\">\n\t\t\t\t\t\n\t\t\t\t<\/div>\n\t\t\t<\/div><div class=\"et_pb_module et_d4_element et_pb_text et_pb_text_0  et_pb_text_align_left et_pb_bg_layout_light\">\n\t\t\t\t\n\t\t\t\t\n\t\t\t\t\n\t\t\t\t\n\t\t\t\t<div class=\"et_pb_text_inner\"><h1>La Maison de Bernarda Alba<\/h1>\n<p>de Federico Garcia Lorca<\/p>\n<p>Mise en sc\u00e8ne : Claudia Saldivia Vega<\/p>\n<p>Cr\u00e9ation et interpr\u00e9tation musicale : Fanny Balestro<\/p>\n<ul>\n<li>Assistante mise en sc\u00e8ne : Josiane Oberson<\/li>\n<li>Costumes : Josiane Oberson<\/li>\n<li>Eclairage et r\u00e9gie : Ulrich Sch\u00fctz<\/li>\n<li>Coiffures : Orf\u00e9a Scaramucci<\/li>\n<li>Maquillages : C\u00e9cile Pipoz, Sandra Farinella<\/li>\n<\/ul>\n<p>Imagine-t-on une pi\u00e8ce qui se termine par \u00abSilence !\u00bb ?<\/p>\n<p>Dans l\u2019Espagne rurale et franquiste, Federico Garcia Lorca nous m\u00e8ne au c\u0153ur d\u2019un drame oppressant o\u00f9 les pulsions de vie et de mort se croisent.<\/p>\n<p>Dans un petit village, la veuve Bernarda Alba, apr\u00e8s le d\u00e9c\u00e8s de son mari, contraint ses cinq filles \u00e0 une p\u00e9riode de deuil de 8 ann\u00e9es, enferm\u00e9es dans la maison familiale, portes et fen\u00eatres mur\u00e9es.C\u2019est dans cette atmosph\u00e8re aust\u00e8re et ultra rigide que les passions naissent et se d\u00e9cha\u00eenent pour P\u00e9p\u00e9, un gar\u00e7on du village.<\/p>\n<p>La veuve Bernarda s\u00e9questre ses filles et les emp\u00eache d\u2019aimer. L\u2019une d\u2019elles, Adela, se r\u00e9volte. Le combat d\u2019Adela contre sa m\u00e8re est celui de la modernit\u00e9 contre l\u2019ordre ancien. Dans le blanc et le noir, une danse d\u2019amour et de mort \u2026<\/p>\n<p>L\u2019\u2019auteur<\/p>\n<p>Federico Garcia Lorca est l\u2019un des plus grands po\u00e8tes du XX\u00e8me si\u00e8cle, fusill\u00e9 par les franquistes en 1936. Il a su allier l\u2019h\u00e9ritage du folklore, la tradition populaire au romantisme, au symbolisme et aux mouvements d\u2019avant-garde des ann\u00e9es 1920, laissant une oeuvre originale et inclassable. \u00abLa Maison de Bernarda Alba\u00bb est sa derni\u00e8re pi\u00e8ce de th\u00e9\u00e2tre, qui n\u2019a pu \u00eatre publi\u00e9e que 9 ans apr\u00e8s sa mort \u00e0 l\u2019\u00e2ge de 38 ans, en 1945.<\/p>\n<p>Distribution<\/p><\/div>\n\t\t\t<\/div>\n\t\t\t<\/div>\n\t\t\t\t\n\t\t\t\t\n\t\t\t\t\n\t\t\t\t\n\t\t\t<\/div><div class=\"et_d4_element et_pb_row et_pb_row_1  et_pb_css_mix_blend_mode et_block_row\">\n\t\t\t\t<div class=\"et_d4_element et_pb_column_1_4 et_pb_column et_pb_column_1  et_pb_css_mix_blend_mode et_block_column\">\n\t\t\t\t\n\t\t\t\t\n\t\t\t\t\n\t\t\t\t\n\t\t\t\t<div class=\"et_pb_module et_d4_element et_pb_text et_pb_text_1  et_pb_text_align_left et_pb_bg_layout_light\">\n\t\t\t\t\n\t\t\t\t\n\t\t\t\t\n\t\t\t\t\n\t\t\t\t<div class=\"et_pb_text_inner\"><p>Sandrine Buchs<br \/>Maryline Deflandre<br \/>Aur\u00e9lie Descloux&nbsp;<br \/>Simone Eichenberger&nbsp;<br \/>Sandra Farinella&nbsp;<br \/>Anne-Marie Fleury&nbsp;<br \/>Josiane Oberson&nbsp;<br \/>Dominique Rochat&nbsp;<br \/>Elisabeth Saudou&nbsp;<br \/>Anne-Lyse Sonney&nbsp;<\/p><\/div>\n\t\t\t<\/div>\n\t\t\t<\/div><div class=\"et_d4_element et_pb_column_1_4 et_pb_column et_pb_column_2  et_pb_css_mix_blend_mode et_block_column\">\n\t\t\t\t\n\t\t\t\t\n\t\t\t\t\n\t\t\t\t\n\t\t\t\t<div class=\"et_pb_module et_d4_element et_pb_text et_pb_text_2  et_pb_text_align_left et_pb_bg_layout_light\">\n\t\t\t\t\n\t\t\t\t\n\t\t\t\t\n\t\t\t\t\n\t\t\t\t<div class=\"et_pb_text_inner\"><p>Amelia<br \/>Maria Josefa<br \/>Adela<br \/>Angustias<br \/>Poncia<br \/>Servante<br \/>Prudencia<br \/>Magdalena<br \/>Martirio<br \/>Bernarda Alba<\/p><\/div>\n\t\t\t<\/div>\n\t\t\t<\/div><div class=\"et_d4_element et_pb_column_1_4 et_pb_column et_pb_column_3  et_pb_css_mix_blend_mode et_block_column et_pb_column_empty\">\n\t\t\t\t\n\t\t\t\t\n\t\t\t\t\n\t\t\t\t\n\t\t\t\t\n\t\t\t<\/div><div class=\"et_d4_element et_pb_column_1_4 et_pb_column et_pb_column_4  et_pb_css_mix_blend_mode et-last-child et_block_column et_pb_column_empty\">\n\t\t\t\t\n\t\t\t\t\n\t\t\t\t\n\t\t\t\t\n\t\t\t\t\n\t\t\t<\/div>\n\t\t\t\t\n\t\t\t\t\n\t\t\t\t\n\t\t\t\t\n\t\t\t<\/div>\n\t\t\t\t\n\t\t\t\t\n\t\t\t<\/div>\n","protected":false},"excerpt":{"rendered":"","protected":false},"author":9,"featured_media":0,"comment_status":"closed","ping_status":"closed","template":"","meta":{"_acf_changed":false,"ngg_post_thumbnail":0,"_et_pb_use_builder":"on","_et_pb_old_content":"<h1><span style=\"font-size: 16px;\">de Federico Garcia Lorca<\/span><\/h1><div><p>Mise en sc\u00e8ne : Claudia Saldivia Vega<\/p><p>Cr\u00e9ation et interpr\u00e9tation musicale : Fanny Balestro<\/p><ul><li>Assistante mise en sc\u00e8ne : Josiane Oberson<\/li><li>Costumes : Josiane Oberson<\/li><li>Eclairage et r\u00e9gie : Ulrich Sch\u00fctz<\/li><li>Coiffures : Orf\u00e9a Scaramucci<\/li><li>Maquillages : C\u00e9cile Pipoz, Sandra Farinella<\/li><\/ul><p>Imagine-t-on une pi\u00e8ce qui se termine par \u00abSilence !\u00bb ?<\/p><p>Dans l\u2019Espagne rurale et franquiste, Federico Garcia Lorca nous m\u00e8ne au c\u0153ur d\u2019un drame oppressant o\u00f9 les pulsions de vie et de mort se croisent.<\/p><p>Dans un petit village, la veuve Bernarda Alba, apr\u00e8s le d\u00e9c\u00e8s de son mari, contraint ses cinq filles \u00e0 une p\u00e9riode de deuil de 8 ann\u00e9es, enferm\u00e9es dans la maison familiale, portes et fen\u00eatres mur\u00e9es.C\u2019est dans cette atmosph\u00e8re aust\u00e8re et ultra rigide que les passions naissent et se d\u00e9cha\u00eenent pour P\u00e9p\u00e9, un gar\u00e7on du village.<\/p><p>La veuve Bernarda s\u00e9questre ses filles et les emp\u00eache d\u2019aimer. L\u2019une d\u2019elles, Adela, se r\u00e9volte. Le combat d\u2019Adela contre sa m\u00e8re est celui de la modernit\u00e9 contre l\u2019ordre ancien. Dans le blanc et le noir, une danse d\u2019amour et de mort \u2026<\/p><p>L\u2019\u2019auteur<\/p><p>Federico Garcia Lorca est l\u2019un des plus grands po\u00e8tes du XX\u00e8me si\u00e8cle, fusill\u00e9 par les franquistes en 1936. Il a su allier l\u2019h\u00e9ritage du folklore, la tradition populaire au romantisme, au symbolisme et aux mouvements d\u2019avant-garde des ann\u00e9es 1920, laissant une oeuvre originale et inclassable. \u00abLa Maison de Bernarda Alba\u00bb est sa derni\u00e8re pi\u00e8ce de th\u00e9\u00e2tre, qui n\u2019a pu \u00eatre publi\u00e9e que 9 ans apr\u00e8s sa mort \u00e0 l\u2019\u00e2ge de 38 ans, en 1945.<\/p><p>\u00a0<\/p><\/div>","_et_gb_content_width":"","footnotes":""},"project_category":[28],"project_tag":[],"class_list":["post-2120","project","type-project","status-publish","hentry","project_category-spectacle"],"acf":[],"jetpack_sharing_enabled":true,"_links":{"self":[{"href":"https:\/\/treteaux.ch\/cms\/wp-json\/wp\/v2\/project\/2120","targetHints":{"allow":["GET"]}}],"collection":[{"href":"https:\/\/treteaux.ch\/cms\/wp-json\/wp\/v2\/project"}],"about":[{"href":"https:\/\/treteaux.ch\/cms\/wp-json\/wp\/v2\/types\/project"}],"author":[{"embeddable":true,"href":"https:\/\/treteaux.ch\/cms\/wp-json\/wp\/v2\/users\/9"}],"replies":[{"embeddable":true,"href":"https:\/\/treteaux.ch\/cms\/wp-json\/wp\/v2\/comments?post=2120"}],"version-history":[{"count":7,"href":"https:\/\/treteaux.ch\/cms\/wp-json\/wp\/v2\/project\/2120\/revisions"}],"predecessor-version":[{"id":6260,"href":"https:\/\/treteaux.ch\/cms\/wp-json\/wp\/v2\/project\/2120\/revisions\/6260"}],"wp:attachment":[{"href":"https:\/\/treteaux.ch\/cms\/wp-json\/wp\/v2\/media?parent=2120"}],"wp:term":[{"taxonomy":"project_category","embeddable":true,"href":"https:\/\/treteaux.ch\/cms\/wp-json\/wp\/v2\/project_category?post=2120"},{"taxonomy":"project_tag","embeddable":true,"href":"https:\/\/treteaux.ch\/cms\/wp-json\/wp\/v2\/project_tag?post=2120"}],"curies":[{"name":"wp","href":"https:\/\/api.w.org\/{rel}","templated":true}]}}

<div class="et_d4_element et_pb_section et_pb_section_0  et_pb_css_mix_blend_mode et_section_regular et_block_section" >
				
				
				
				
				
				
				<div class="et_d4_element et_pb_row et_pb_row_0  et_pb_css_mix_blend_mode et_block_row">
				<div class="et_d4_element et_pb_column_4_4 et_pb_column et_pb_column_0  et_pb_css_mix_blend_mode et-last-child et_block_column">
				
				
				
				
				<div class="et_pb_module et_d4_element et_pb_nextend_smart_slider_3 et_pb_nextend_smart_slider_3_0">
				
				
				
				
				
				
				<div class="et_pb_module_inner">
					
				</div>
			</div><div class="et_pb_module et_d4_element et_pb_text et_pb_text_0  et_pb_text_align_left et_pb_bg_layout_light">
				
				
				
				
				<div class="et_pb_text_inner"><h1>La Maison de Bernarda Alba</h1>
<p>de Federico Garcia Lorca</p>
<p>Mise en scène : Claudia Saldivia Vega</p>
<p>Création et interprétation musicale : Fanny Balestro</p>
<ul>
<li>Assistante mise en scène : Josiane Oberson</li>
<li>Costumes : Josiane Oberson</li>
<li>Eclairage et régie : Ulrich Schütz</li>
<li>Coiffures : Orféa Scaramucci</li>
<li>Maquillages : Cécile Pipoz, Sandra Farinella</li>
</ul>
<p>Imagine-t-on une pièce qui se termine par «Silence !» ?</p>
<p>Dans l’Espagne rurale et franquiste, Federico Garcia Lorca nous mène au cœur d’un drame oppressant où les pulsions de vie et de mort se croisent.</p>
<p>Dans un petit village, la veuve Bernarda Alba, après le décès de son mari, contraint ses cinq filles à une période de deuil de 8 années, enfermées dans la maison familiale, portes et fenêtres murées.C’est dans cette atmosphère austère et ultra rigide que les passions naissent et se déchaînent pour Pépé, un garçon du village.</p>
<p>La veuve Bernarda séquestre ses filles et les empêche d’aimer. L’une d’elles, Adela, se révolte. Le combat d’Adela contre sa mère est celui de la modernité contre l’ordre ancien. Dans le blanc et le noir, une danse d’amour et de mort …</p>
<p>L’’auteur</p>
<p>Federico Garcia Lorca est l’un des plus grands poètes du XXème siècle, fusillé par les franquistes en 1936. Il a su allier l’héritage du folklore, la tradition populaire au romantisme, au symbolisme et aux mouvements d’avant-garde des années 1920, laissant une oeuvre originale et inclassable. «La Maison de Bernarda Alba» est sa dernière pièce de théâtre, qui n’a pu être publiée que 9 ans après sa mort à l’âge de 38 ans, en 1945.</p>
<p>Distribution</p></div>
			</div>
			</div>
				
				
				
				
			</div><div class="et_d4_element et_pb_row et_pb_row_1  et_pb_css_mix_blend_mode et_block_row">
				<div class="et_d4_element et_pb_column_1_4 et_pb_column et_pb_column_1  et_pb_css_mix_blend_mode et_block_column">
				
				
				
				
				<div class="et_pb_module et_d4_element et_pb_text et_pb_text_1  et_pb_text_align_left et_pb_bg_layout_light">
				
				
				
				
				<div class="et_pb_text_inner"><p>Sandrine Buchs<br />Maryline Deflandre<br />Aurélie Descloux&nbsp;<br />Simone Eichenberger&nbsp;<br />Sandra Farinella&nbsp;<br />Anne-Marie Fleury&nbsp;<br />Josiane Oberson&nbsp;<br />Dominique Rochat&nbsp;<br />Elisabeth Saudou&nbsp;<br />Anne-Lyse Sonney&nbsp;</p></div>
			</div>
			</div><div class="et_d4_element et_pb_column_1_4 et_pb_column et_pb_column_2  et_pb_css_mix_blend_mode et_block_column">
				
				
				
				
				<div class="et_pb_module et_d4_element et_pb_text et_pb_text_2  et_pb_text_align_left et_pb_bg_layout_light">
				
				
				
				
				<div class="et_pb_text_inner"><p>Amelia<br />Maria Josefa<br />Adela<br />Angustias<br />Poncia<br />Servante<br />Prudencia<br />Magdalena<br />Martirio<br />Bernarda Alba</p></div>
			</div>
			</div><div class="et_d4_element et_pb_column_1_4 et_pb_column et_pb_column_3  et_pb_css_mix_blend_mode et_block_column et_pb_column_empty">
				
				
				
				
				
			</div><div class="et_d4_element et_pb_column_1_4 et_pb_column et_pb_column_4  et_pb_css_mix_blend_mode et-last-child et_block_column et_pb_column_empty">
				
				
				
				
				
			</div>
				
				
				
				
			</div>
				
				
			</div>

<h1><span style="font-size: 16px;">de Federico Garcia Lorca</span></h1><div><p>Mise en scène : Claudia Saldivia Vega</p><p>Création et interprétation musicale : Fanny Balestro</p><ul><li>Assistante mise en scène : Josiane Oberson</li><li>Costumes : Josiane Oberson</li><li>Eclairage et régie : Ulrich Schütz</li><li>Coiffures : Orféa Scaramucci</li><li>Maquillages : Cécile Pipoz, Sandra Farinella</li></ul><p>Imagine-t-on une pièce qui se termine par «Silence !» ?</p><p>Dans l’Espagne rurale et franquiste, Federico Garcia Lorca nous mène au cœur d’un drame oppressant où les pulsions de vie et de mort se croisent.</p><p>Dans un petit village, la veuve Bernarda Alba, après le décès de son mari, contraint ses cinq filles à une période de deuil de 8 années, enfermées dans la maison familiale, portes et fenêtres murées.C’est dans cette atmosphère austère et ultra rigide que les passions naissent et se déchaînent pour Pépé, un garçon du village.</p><p>La veuve Bernarda séquestre ses filles et les empêche d’aimer. L’une d’elles, Adela, se révolte. Le combat d’Adela contre sa mère est celui de la modernité contre l’ordre ancien. Dans le blanc et le noir, une danse d’amour et de mort …</p><p>L’’auteur</p><p>Federico Garcia Lorca est l’un des plus grands poètes du XXème siècle, fusillé par les franquistes en 1936. Il a su allier l’héritage du folklore, la tradition populaire au romantisme, au symbolisme et aux mouvements d’avant-garde des années 1920, laissant une oeuvre originale et inclassable. «La Maison de Bernarda Alba» est sa dernière pièce de théâtre, qui n’a pu être publiée que 9 ans après sa mort à l’âge de 38 ans, en 1945.</p><p> </p></div>
