{"id":2312,"date":"2014-03-11T15:21:19","date_gmt":"2014-03-11T14:21:19","guid":{"rendered":"http:\/\/treteaux.ch\/cms\/?page_id=2312"},"modified":"2019-06-14T09:01:21","modified_gmt":"2019-06-14T08:01:21","slug":"gros-plan","status":"publish","type":"project","link":"https:\/\/treteaux.ch\/cms\/project\/gros-plan\/","title":{"rendered":"Gros plan"},"content":{"rendered":"<div class=\"et_d4_element et_pb_section et_pb_section_0  et_pb_css_mix_blend_mode et_section_regular et_block_section\" >\n\t\t\t\t\n\t\t\t\t\n\t\t\t\t\n\t\t\t\t\n\t\t\t\t\n\t\t\t\t\n\t\t\t\t<div class=\"et_d4_element et_pb_row et_pb_row_0  et_pb_css_mix_blend_mode et_block_row\">\n\t\t\t\t<div class=\"et_d4_element et_pb_column_4_4 et_pb_column et_pb_column_0  et_pb_css_mix_blend_mode et-last-child et_block_column\">\n\t\t\t\t\n\t\t\t\t\n\t\t\t\t\n\t\t\t\t\n\t\t\t\t<div class=\"et_pb_module et_d4_element et_pb_nextend_smart_slider_3 et_pb_nextend_smart_slider_3_0\">\n\t\t\t\t\n\t\t\t\t\n\t\t\t\t\n\t\t\t\t\n\t\t\t\t\n\t\t\t\t\n\t\t\t\t<div class=\"et_pb_module_inner\">\n\t\t\t\t\t\n\t\t\t\t<\/div>\n\t\t\t<\/div><div class=\"et_pb_module et_d4_element et_pb_text et_pb_text_0  et_pb_text_align_left et_pb_bg_layout_light\">\n\t\t\t\t\n\t\t\t\t\n\t\t\t\t\n\t\t\t\t\n\t\t\t\t<div class=\"et_pb_text_inner\"><h1>Gros Plan<\/h1>\n<p>Ou le point sur la ligne du haricot<br \/><span>de Christiane Favre-Artero<\/span><\/p>\n<p><strong>La ligne et le poids sont deux obsessions qui en ont engendr\u00e9 une troisi\u00e8me : le r\u00e9gime. Ces dialogues et monologues ne poursuivent qu\u2019un seul but : en rire<\/strong><\/p>\n<p>Mise en sc\u00e8ne : Josiane Oberson<br \/>Distribution :<br \/>Sandra Farinella<br \/>Sophie Pasquier<br \/>Delphine Rousseaux<br \/>Anne-Lyse Sonney<br \/>Barbara von D\u00e4niken<br \/>Maquillage : C\u00e9cile Pipoz<br \/>Sandra Farinella<br \/>Coiffures : Orfea<br \/>Costumes : Annoa Zumkeller<br \/>Eclairages et sono : Ulrich Sch\u00fctz<\/p>\n<h4>Notes<\/h4>\n<div>\n<p><a name=\"Favre\"><\/a>Christiane Favre-Art\u00e9ro est n\u00e9e \u00e0 Sion en 1948. Architecte d\u2019int\u00e9rieur, enseignante puis r\u00e9dactrice de billets d\u2019humeur dans les journaux \u00ab\u00a0La Suisse\u00a0\u00bb, \u00ab\u00a024 heures\u00a0\u00bb et \u00ab\u00a0l\u2019Express\u00a0\u00bb de Neuch\u00e2tel, elle est actuellement chroniqueuse dans l\u2019hebdomadaire \u00ab\u00a0Construire\u00a0\u00bb, auteur de revues et de deux com\u00e9dies, La Cocotte-minute et 22, rue Babole.<\/p>\n<\/div>\n<p>ngg_shortcode_0_placeholder<\/p><\/div>\n\t\t\t<\/div>\n\t\t\t<\/div>\n\t\t\t\t\n\t\t\t\t\n\t\t\t\t\n\t\t\t\t\n\t\t\t<\/div>\n\t\t\t\t\n\t\t\t\t\n\t\t\t<\/div>\n","protected":false},"excerpt":{"rendered":"","protected":false},"author":9,"featured_media":6185,"comment_status":"closed","ping_status":"closed","template":"","meta":{"_acf_changed":false,"ngg_post_thumbnail":0,"_et_pb_use_builder":"on","_et_pb_old_content":"<p><img class=\"ngg_displayed_gallery mceItem\" src=\"https:\/\/treteaux.ch\/cms\/index.php\/nextgen-attach_to_post\/preview\/id--2313\" alt=\"\"><\/p>","_et_gb_content_width":"","footnotes":""},"project_category":[28],"project_tag":[],"class_list":["post-2312","project","type-project","status-publish","has-post-thumbnail","hentry","project_category-spectacle"],"acf":[],"jetpack_sharing_enabled":true,"_links":{"self":[{"href":"https:\/\/treteaux.ch\/cms\/wp-json\/wp\/v2\/project\/2312","targetHints":{"allow":["GET"]}}],"collection":[{"href":"https:\/\/treteaux.ch\/cms\/wp-json\/wp\/v2\/project"}],"about":[{"href":"https:\/\/treteaux.ch\/cms\/wp-json\/wp\/v2\/types\/project"}],"author":[{"embeddable":true,"href":"https:\/\/treteaux.ch\/cms\/wp-json\/wp\/v2\/users\/9"}],"replies":[{"embeddable":true,"href":"https:\/\/treteaux.ch\/cms\/wp-json\/wp\/v2\/comments?post=2312"}],"version-history":[{"count":7,"href":"https:\/\/treteaux.ch\/cms\/wp-json\/wp\/v2\/project\/2312\/revisions"}],"predecessor-version":[{"id":6184,"href":"https:\/\/treteaux.ch\/cms\/wp-json\/wp\/v2\/project\/2312\/revisions\/6184"}],"wp:featuredmedia":[{"embeddable":true,"href":"https:\/\/treteaux.ch\/cms\/wp-json\/wp\/v2\/media\/6185"}],"wp:attachment":[{"href":"https:\/\/treteaux.ch\/cms\/wp-json\/wp\/v2\/media?parent=2312"}],"wp:term":[{"taxonomy":"project_category","embeddable":true,"href":"https:\/\/treteaux.ch\/cms\/wp-json\/wp\/v2\/project_category?post=2312"},{"taxonomy":"project_tag","embeddable":true,"href":"https:\/\/treteaux.ch\/cms\/wp-json\/wp\/v2\/project_tag?post=2312"}],"curies":[{"name":"wp","href":"https:\/\/api.w.org\/{rel}","templated":true}]}}

<div class="et_d4_element et_pb_section et_pb_section_0  et_pb_css_mix_blend_mode et_section_regular et_block_section" >
				
				
				
				
				
				
				<div class="et_d4_element et_pb_row et_pb_row_0  et_pb_css_mix_blend_mode et_block_row">
				<div class="et_d4_element et_pb_column_4_4 et_pb_column et_pb_column_0  et_pb_css_mix_blend_mode et-last-child et_block_column">
				
				
				
				
				<div class="et_pb_module et_d4_element et_pb_nextend_smart_slider_3 et_pb_nextend_smart_slider_3_0">
				
				
				
				
				
				
				<div class="et_pb_module_inner">
					
				</div>
			</div><div class="et_pb_module et_d4_element et_pb_text et_pb_text_0  et_pb_text_align_left et_pb_bg_layout_light">
				
				
				
				
				<div class="et_pb_text_inner"><h1>Gros Plan</h1>
<p>Ou le point sur la ligne du haricot<br /><span>de Christiane Favre-Artero</span></p>
<p><strong>La ligne et le poids sont deux obsessions qui en ont engendré une troisième : le régime. Ces dialogues et monologues ne poursuivent qu’un seul but : en rire</strong></p>
<p>Mise en scène : Josiane Oberson<br />Distribution :<br />Sandra Farinella<br />Sophie Pasquier<br />Delphine Rousseaux<br />Anne-Lyse Sonney<br />Barbara von Däniken<br />Maquillage : Cécile Pipoz<br />Sandra Farinella<br />Coiffures : Orfea<br />Costumes : Annoa Zumkeller<br />Eclairages et sono : Ulrich Schütz</p>
<h4>Notes</h4>
<div>
<p><a name="Favre"></a>Christiane Favre-Artéro est née à Sion en 1948. Architecte d’intérieur, enseignante puis rédactrice de billets d’humeur dans les journaux « La Suisse », « 24 heures » et « l’Express » de Neuchâtel, elle est actuellement chroniqueuse dans l’hebdomadaire « Construire », auteur de revues et de deux comédies, La Cocotte-minute et 22, rue Babole.</p>
</div>
<p>ngg_shortcode_0_placeholder</p></div>
			</div>
			</div>
				
				
				
				
			</div>
				
				
			</div>
