{"id":2315,"date":"2014-03-11T15:22:06","date_gmt":"2014-03-11T14:22:06","guid":{"rendered":"http:\/\/treteaux.ch\/cms\/?page_id=2315"},"modified":"2019-06-13T13:01:37","modified_gmt":"2019-06-13T12:01:37","slug":"les-mandibules","status":"publish","type":"project","link":"https:\/\/treteaux.ch\/cms\/project\/les-mandibules\/","title":{"rendered":"Les Mandibules"},"content":{"rendered":"<div class=\"et_d4_element et_pb_section et_pb_section_0  et_pb_css_mix_blend_mode et_section_regular et_block_section\" >\n\t\t\t\t\n\t\t\t\t\n\t\t\t\t\n\t\t\t\t\n\t\t\t\t\n\t\t\t\t\n\t\t\t\t<div class=\"et_d4_element et_pb_row et_pb_row_0  et_pb_css_mix_blend_mode et_block_row\">\n\t\t\t\t<div class=\"et_d4_element et_pb_column_4_4 et_pb_column et_pb_column_0  et_pb_css_mix_blend_mode et-last-child et_block_column\">\n\t\t\t\t\n\t\t\t\t\n\t\t\t\t\n\t\t\t\t\n\t\t\t\t<div class=\"et_pb_module et_d4_element et_pb_nextend_smart_slider_3 et_pb_nextend_smart_slider_3_0\">\n\t\t\t\t\n\t\t\t\t\n\t\t\t\t\n\t\t\t\t\n\t\t\t\t\n\t\t\t\t\n\t\t\t\t<div class=\"et_pb_module_inner\">\n\t\t\t\t\t\n\t\t\t\t<\/div>\n\t\t\t<\/div><div class=\"et_pb_module et_d4_element et_pb_text et_pb_text_0  et_pb_text_align_left et_pb_bg_layout_light\">\n\t\t\t\t\n\t\t\t\t\n\t\t\t\t\n\t\t\t\t\n\t\t\t\t<div class=\"et_pb_text_inner\"><h1>Les mandibules<\/h1>\n<p>Apr\u00e8s les rencontres th\u00e9\u00e2trale, notre troupe adulte a pr\u00e9sent\u00e9 \u00e0 nouveau son spectacle Les Mandibules de Louis Calaferte et Gros Plan de Christiane Favre-Artero les 1, 2, 3, 6, 7, 15 et 16 juin 2007.<\/p>\n<p>Les Mandibules mettent en pr\u00e9sence deux familles qu\u2019on voit \u00e9voluer simultan\u00e9ment dans leur vie quotidienne. La banalit\u00e9 de leur existence est mise en relief par leur obsession de la nourriture.<\/p>\n<blockquote>\n<p>Comme dit le boucher\u00a0: \u00ab\u00a0Le probl\u00e8me num\u00e9ro un, c\u2019est la consommation. Sous pr\u00e9texte de bien vivre, on mutile la nature, on pille, on saccage \u00e0 tort et \u00e0 travers\u00a0! Faudra pas s\u2019\u00e9tonner si un jour \u00e7a nous retombe sur le nez.\u00a0\u00bb<\/p>\n<\/blockquote>\n<p><strong>Mise en sc\u00e8ne\u00a0<\/strong>: Josiane Oberson<\/p>\n<p><strong>Distribution\u00a0<\/strong>:<\/p><\/div>\n\t\t\t<\/div>\n\t\t\t<\/div>\n\t\t\t\t\n\t\t\t\t\n\t\t\t\t\n\t\t\t\t\n\t\t\t<\/div><div class=\"et_d4_element et_pb_row et_pb_row_1  et_pb_css_mix_blend_mode et_block_row\">\n\t\t\t\t<div class=\"et_d4_element et_pb_column_1_2 et_pb_column et_pb_column_1  et_pb_css_mix_blend_mode et_block_column\">\n\t\t\t\t\n\t\t\t\t\n\t\t\t\t\n\t\t\t\t\n\t\t\t\t<div class=\"et_pb_module et_d4_element et_pb_text et_pb_text_1  et_pb_text_align_left et_pb_bg_layout_light\">\n\t\t\t\t\n\t\t\t\t\n\t\t\t\t\n\t\t\t\t\n\t\t\t\t<div class=\"et_pb_text_inner\"><p>Marjorie Pittet : Babette<br \/>Marie-Th\u00e9r\u00e8se Ruffieux : Madame Wilfrid<br \/>Pierre-Yves Pichonnaz : Monsieur Wilfrid<br \/>Yohan Pusceddu : Baby<br \/>Simone Eichenberger : Madame Walter<br \/>C\u00e9dric Castella : Monsieur Walter<\/p><\/div>\n\t\t\t<\/div>\n\t\t\t<\/div><div class=\"et_d4_element et_pb_column_1_2 et_pb_column et_pb_column_2  et_pb_css_mix_blend_mode et-last-child et_block_column\">\n\t\t\t\t\n\t\t\t\t\n\t\t\t\t\n\t\t\t\t\n\t\t\t\t<div class=\"et_pb_module et_d4_element et_pb_text et_pb_text_2  et_pb_text_align_left et_pb_bg_layout_light\">\n\t\t\t\t\n\t\t\t\t\n\t\t\t\t\n\t\t\t\t\n\t\t\t\t<div class=\"et_pb_text_inner\"><p>Jean-Paul Oberson : Le boucher<br \/>Maryline Deflandre : Une cliente<br \/>Sandra Farinella : Une cliente<br \/>Sophie Pasquier : Une cliente<br \/>Delphine Rousseaux : Une cliente<br \/>Anne-Lyse Sonney : Une cliente<br \/>Barbara von D\u00e4niken : Une cliente<\/p><\/div>\n\t\t\t<\/div>\n\t\t\t<\/div>\n\t\t\t\t\n\t\t\t\t\n\t\t\t\t\n\t\t\t\t\n\t\t\t<\/div><div class=\"et_d4_element et_pb_row et_pb_row_2  et_pb_css_mix_blend_mode et_block_row\">\n\t\t\t\t<div class=\"et_d4_element et_pb_column_4_4 et_pb_column et_pb_column_3  et_pb_css_mix_blend_mode et-last-child et_block_column\">\n\t\t\t\t\n\t\t\t\t\n\t\t\t\t\n\t\t\t\t\n\t\t\t\t<div class=\"et_pb_module et_d4_element et_pb_text et_pb_text_3  et_pb_text_align_left et_pb_bg_layout_light\">\n\t\t\t\t\n\t\t\t\t\n\t\t\t\t\n\t\t\t\t\n\t\t\t\t<div class=\"et_pb_text_inner\"><p><strong>D\u00e9cors<\/strong> : Luc Zumkeller,\u00a0Maurice Ruffieux,\u00a0Xavier Gremaud,\u00a0Margin Magnin<br \/><strong>Maquillage<\/strong> : C\u00e9cile Pipoz,\u00a0Sandra Farinella<br \/><strong>Coiffures\u00a0<\/strong>: Orfea<br \/><strong>Costumes\u00a0<\/strong>: Annoa Zumkeller<br \/><strong>Eclairages<\/strong> et sono\u00a0: Ulrich Sch\u00fctz<\/p>\n<p>ngg_shortcode_0_placeholder<\/p><\/div>\n\t\t\t<\/div>\n\t\t\t<\/div>\n\t\t\t\t\n\t\t\t\t\n\t\t\t\t\n\t\t\t\t\n\t\t\t<\/div>\n\t\t\t\t\n\t\t\t\t\n\t\t\t<\/div>\n","protected":false},"excerpt":{"rendered":"","protected":false},"author":9,"featured_media":6165,"comment_status":"closed","ping_status":"closed","template":"","meta":{"_acf_changed":false,"ngg_post_thumbnail":0,"_et_pb_use_builder":"on","_et_pb_old_content":"<p><img class=\"ngg_displayed_gallery mceItem\" src=\"https:\/\/treteaux.ch\/cms\/index.php\/nextgen-attach_to_post\/preview\/id--2316\" alt=\"\"><\/p>","_et_gb_content_width":"","footnotes":""},"project_category":[28],"project_tag":[],"class_list":["post-2315","project","type-project","status-publish","has-post-thumbnail","hentry","project_category-spectacle"],"acf":[],"jetpack_sharing_enabled":true,"_links":{"self":[{"href":"https:\/\/treteaux.ch\/cms\/wp-json\/wp\/v2\/project\/2315","targetHints":{"allow":["GET"]}}],"collection":[{"href":"https:\/\/treteaux.ch\/cms\/wp-json\/wp\/v2\/project"}],"about":[{"href":"https:\/\/treteaux.ch\/cms\/wp-json\/wp\/v2\/types\/project"}],"author":[{"embeddable":true,"href":"https:\/\/treteaux.ch\/cms\/wp-json\/wp\/v2\/users\/9"}],"replies":[{"embeddable":true,"href":"https:\/\/treteaux.ch\/cms\/wp-json\/wp\/v2\/comments?post=2315"}],"version-history":[{"count":7,"href":"https:\/\/treteaux.ch\/cms\/wp-json\/wp\/v2\/project\/2315\/revisions"}],"predecessor-version":[{"id":6166,"href":"https:\/\/treteaux.ch\/cms\/wp-json\/wp\/v2\/project\/2315\/revisions\/6166"}],"wp:featuredmedia":[{"embeddable":true,"href":"https:\/\/treteaux.ch\/cms\/wp-json\/wp\/v2\/media\/6165"}],"wp:attachment":[{"href":"https:\/\/treteaux.ch\/cms\/wp-json\/wp\/v2\/media?parent=2315"}],"wp:term":[{"taxonomy":"project_category","embeddable":true,"href":"https:\/\/treteaux.ch\/cms\/wp-json\/wp\/v2\/project_category?post=2315"},{"taxonomy":"project_tag","embeddable":true,"href":"https:\/\/treteaux.ch\/cms\/wp-json\/wp\/v2\/project_tag?post=2315"}],"curies":[{"name":"wp","href":"https:\/\/api.w.org\/{rel}","templated":true}]}}

<div class="et_d4_element et_pb_section et_pb_section_0  et_pb_css_mix_blend_mode et_section_regular et_block_section" >
				
				
				
				
				
				
				<div class="et_d4_element et_pb_row et_pb_row_0  et_pb_css_mix_blend_mode et_block_row">
				<div class="et_d4_element et_pb_column_4_4 et_pb_column et_pb_column_0  et_pb_css_mix_blend_mode et-last-child et_block_column">
				
				
				
				
				<div class="et_pb_module et_d4_element et_pb_nextend_smart_slider_3 et_pb_nextend_smart_slider_3_0">
				
				
				
				
				
				
				<div class="et_pb_module_inner">
					
				</div>
			</div><div class="et_pb_module et_d4_element et_pb_text et_pb_text_0  et_pb_text_align_left et_pb_bg_layout_light">
				
				
				
				
				<div class="et_pb_text_inner"><h1>Les mandibules</h1>
<p>Après les rencontres théâtrale, notre troupe adulte a présenté à nouveau son spectacle Les Mandibules de Louis Calaferte et Gros Plan de Christiane Favre-Artero les 1, 2, 3, 6, 7, 15 et 16 juin 2007.</p>
<p>Les Mandibules mettent en présence deux familles qu’on voit évoluer simultanément dans leur vie quotidienne. La banalité de leur existence est mise en relief par leur obsession de la nourriture.</p>
<blockquote>
<p>Comme dit le boucher : « Le problème numéro un, c’est la consommation. Sous prétexte de bien vivre, on mutile la nature, on pille, on saccage à tort et à travers ! Faudra pas s’étonner si un jour ça nous retombe sur le nez. »</p>
</blockquote>
<p><strong>Mise en scène </strong>: Josiane Oberson</p>
<p><strong>Distribution </strong>:</p></div>
			</div>
			</div>
				
				
				
				
			</div><div class="et_d4_element et_pb_row et_pb_row_1  et_pb_css_mix_blend_mode et_block_row">
				<div class="et_d4_element et_pb_column_1_2 et_pb_column et_pb_column_1  et_pb_css_mix_blend_mode et_block_column">
				
				
				
				
				<div class="et_pb_module et_d4_element et_pb_text et_pb_text_1  et_pb_text_align_left et_pb_bg_layout_light">
				
				
				
				
				<div class="et_pb_text_inner"><p>Marjorie Pittet : Babette<br />Marie-Thérèse Ruffieux : Madame Wilfrid<br />Pierre-Yves Pichonnaz : Monsieur Wilfrid<br />Yohan Pusceddu : Baby<br />Simone Eichenberger : Madame Walter<br />Cédric Castella : Monsieur Walter</p></div>
			</div>
			</div><div class="et_d4_element et_pb_column_1_2 et_pb_column et_pb_column_2  et_pb_css_mix_blend_mode et-last-child et_block_column">
				
				
				
				
				<div class="et_pb_module et_d4_element et_pb_text et_pb_text_2  et_pb_text_align_left et_pb_bg_layout_light">
				
				
				
				
				<div class="et_pb_text_inner"><p>Jean-Paul Oberson : Le boucher<br />Maryline Deflandre : Une cliente<br />Sandra Farinella : Une cliente<br />Sophie Pasquier : Une cliente<br />Delphine Rousseaux : Une cliente<br />Anne-Lyse Sonney : Une cliente<br />Barbara von Däniken : Une cliente</p></div>
			</div>
			</div>
				
				
				
				
			</div><div class="et_d4_element et_pb_row et_pb_row_2  et_pb_css_mix_blend_mode et_block_row">
				<div class="et_d4_element et_pb_column_4_4 et_pb_column et_pb_column_3  et_pb_css_mix_blend_mode et-last-child et_block_column">
				
				
				
				
				<div class="et_pb_module et_d4_element et_pb_text et_pb_text_3  et_pb_text_align_left et_pb_bg_layout_light">
				
				
				
				
				<div class="et_pb_text_inner"><p><strong>Décors</strong> : Luc Zumkeller, Maurice Ruffieux, Xavier Gremaud, Margin Magnin<br /><strong>Maquillage</strong> : Cécile Pipoz, Sandra Farinella<br /><strong>Coiffures </strong>: Orfea<br /><strong>Costumes </strong>: Annoa Zumkeller<br /><strong>Eclairages</strong> et sono : Ulrich Schütz</p>
<p>ngg_shortcode_0_placeholder</p></div>
			</div>
			</div>
				
				
				
				
			</div>
				
				
			</div>
