{"id":6469,"date":"2019-10-30T12:01:04","date_gmt":"2019-10-30T11:01:04","guid":{"rendered":"http:\/\/treteaux.ch\/?post_type=project&#038;p=6469"},"modified":"2019-10-30T17:33:35","modified_gmt":"2019-10-30T16:33:35","slug":"grandma","status":"publish","type":"project","link":"https:\/\/treteaux.ch\/cms\/project\/grandma\/","title":{"rendered":"Grand&rsquo;Ma , un conte pour les familles 17 novembre"},"content":{"rendered":"<p><div class=\"et_d4_element et_pb_section et_pb_section_0 et_pb_with_background  et_pb_css_mix_blend_mode et_section_regular et_block_section\" >\n\t\t\t\t\n\t\t\t\t\n\t\t\t\t\n\t\t\t\t\n\t\t\t\t\n\t\t\t\t\n\t\t\t\t<div class=\"et_d4_element et_pb_row et_pb_row_0  et_pb_css_mix_blend_mode et_block_row\">\n\t\t\t\t<div class=\"et_d4_element et_pb_column_4_4 et_pb_column et_pb_column_0  et_pb_css_mix_blend_mode et-last-child et_block_column\">\n\t\t\t\t\n\t\t\t\t\n\t\t\t\t\n\t\t\t\t\n\t\t\t\t<div class=\"et_pb_module et_d4_element et_pb_text et_pb_text_0  et_pb_text_align_center et_pb_bg_layout_light\">\n\t\t\t\t\n\t\t\t\t\n\t\t\t\t\n\t\t\t\t\n\t\t\t\t<div class=\"et_pb_text_inner\"><h3>17novembre<\/h3>\n<h2>Spectacle des enfants des Tr\u00e9teaux<\/h2><\/div>\n\t\t\t<\/div>\n\t\t\t<\/div>\n\t\t\t\t\n\t\t\t\t\n\t\t\t\t\n\t\t\t\t\n\t\t\t<\/div><div class=\"et_d4_element et_pb_row et_pb_row_1  et_pb_css_mix_blend_mode et_block_row\">\n\t\t\t\t<div class=\"et_d4_element et_pb_column_3_5 et_pb_column et_pb_column_1  et_pb_css_mix_blend_mode et_block_column\">\n\t\t\t\t\n\t\t\t\t\n\t\t\t\t\n\t\t\t\t\n\t\t\t\t<div class=\"et_pb_module et_d4_element et_pb_image et_pb_image_0\">\n\t\t\t\t\n\t\t\t\t\n\t\t\t\t\n\t\t\t\t\n\t\t\t\t<span class=\"et_pb_image_wrap has-box-shadow-overlay\"><div class=\"box-shadow-overlay\"><\/div><img loading=\"lazy\" decoding=\"async\" width=\"300\" height=\"174\" src=\"https:\/\/treteaux.ch\/cms\/wp-content\/uploads\/2019\/10\/GrandMa-300x174.jpg\" alt=\"\" title=\"\" class=\"wp-image-6484\" \/><\/span>\n\t\t\t<\/div>\n\t\t\t<\/div><div class=\"et_d4_element et_pb_column_2_5 et_pb_column et_pb_column_2  et_pb_css_mix_blend_mode et-last-child et_block_column\">\n\t\t\t\t\n\t\t\t\t\n\t\t\t\t\n\t\t\t\t\n\t\t\t\t<div class=\"et_pb_module et_d4_element et_pb_cta_0 et_pb_promo  et_pb_text_align_left et_pb_bg_layout_light\">\n\t\t\t\t\n\t\t\t\t\n\t\t\t\t\n\t\t\t\t\n\t\t\t\t<div class=\"et_pb_promo_description\"><h3 class=\"et_pb_module_header\">Grand\u2019Ma, un conte pour les familles<\/h3><div><span>\u00a0Les enfants des Tr\u00e9teaux participent \u00e0 la deuxi\u00e8me partie du spectacle du <a href=\"http:\/\/www.musiquebulle.ch\/cms\/index.php?idm=15_10&amp;idg=15&amp;page=Agenda\" target=\"_blank\" rel=\"noopener noreferrer\">Corps de Musique de la Ville de Bulle<\/a> avec\u00a0<\/span><\/p>\n<p style=\"text-align: center; font-size:3vh\"><b>Grand\u2019Ma<\/b><\/p>\n<p style=\"text-align: center; font-size:2vh\"><b>un conte pour les familles<\/b><\/p>\n<p><span>le dimanche 17 novembre \u00e0 10.30 h. <\/span><\/p>\n<p><span>Lieu\u00a0: l\u2019Aula du CO de Bulle. <\/span><\/p>\n<p><span><strong>Venez supporter notre troupe d\u2019enfants<\/strong>, entr\u00e9e libre\u00a0!<\/span><\/div><\/div>\n\t\t\t\t\n\t\t\t<\/div>\n\t\t\t<\/div>\n\t\t\t\t\n\t\t\t\t\n\t\t\t\t\n\t\t\t\t\n\t\t\t<\/div>\n\t\t\t\t\n\t\t\t\t\n\t\t\t<\/div><div class=\"et_d4_element et_pb_section et_pb_section_1  et_pb_css_mix_blend_mode et_section_regular et_block_section\" >\n\t\t\t\t\n\t\t\t\t\n\t\t\t\t\n\t\t\t\t\n\t\t\t\t\n\t\t\t\t\n\t\t\t\t<div class=\"et_d4_element et_pb_row et_pb_row_2  et_pb_css_mix_blend_mode et_block_row\">\n\t\t\t\t<div class=\"et_d4_element et_pb_column_4_4 et_pb_column et_pb_column_3  et_pb_css_mix_blend_mode et-last-child et_block_column\">\n\t\t\t\t\n\t\t\t\t\n\t\t\t\t\n\t\t\t\t\n\t\t\t\t<div class=\"et_pb_module et_d4_element et_pb_text et_pb_text_1  et_pb_text_align_left et_pb_bg_layout_light\">\n\t\t\t\t\n\t\t\t\t\n\t\t\t\t\n\t\t\t\t\n\t\t\t\t<div class=\"et_pb_text_inner\">[pdf-embedder url=\"https:\/\/treteaux.ch\/cms\/wp-content\/uploads\/securepdfs\/2019\/10\/Affiche-GrandMa.pdf\"]<\/div>\n\t\t\t<\/div>\n\t\t\t<\/div>\n\t\t\t\t\n\t\t\t\t\n\t\t\t\t\n\t\t\t\t\n\t\t\t<\/div>\n\t\t\t\t\n\t\t\t\t\n\t\t\t<\/div><\/p>\n","protected":false},"excerpt":{"rendered":"","protected":false},"author":9,"featured_media":6484,"comment_status":"closed","ping_status":"closed","template":"","meta":{"_acf_changed":false,"ngg_post_thumbnail":0,"_et_pb_use_builder":"on","_et_pb_old_content":"","_et_gb_content_width":"","footnotes":""},"project_category":[28],"project_tag":[],"class_list":["post-6469","project","type-project","status-publish","has-post-thumbnail","hentry","project_category-spectacle"],"acf":[],"jetpack_sharing_enabled":true,"_links":{"self":[{"href":"https:\/\/treteaux.ch\/cms\/wp-json\/wp\/v2\/project\/6469","targetHints":{"allow":["GET"]}}],"collection":[{"href":"https:\/\/treteaux.ch\/cms\/wp-json\/wp\/v2\/project"}],"about":[{"href":"https:\/\/treteaux.ch\/cms\/wp-json\/wp\/v2\/types\/project"}],"author":[{"embeddable":true,"href":"https:\/\/treteaux.ch\/cms\/wp-json\/wp\/v2\/users\/9"}],"replies":[{"embeddable":true,"href":"https:\/\/treteaux.ch\/cms\/wp-json\/wp\/v2\/comments?post=6469"}],"version-history":[{"count":9,"href":"https:\/\/treteaux.ch\/cms\/wp-json\/wp\/v2\/project\/6469\/revisions"}],"predecessor-version":[{"id":6499,"href":"https:\/\/treteaux.ch\/cms\/wp-json\/wp\/v2\/project\/6469\/revisions\/6499"}],"wp:featuredmedia":[{"embeddable":true,"href":"https:\/\/treteaux.ch\/cms\/wp-json\/wp\/v2\/media\/6484"}],"wp:attachment":[{"href":"https:\/\/treteaux.ch\/cms\/wp-json\/wp\/v2\/media?parent=6469"}],"wp:term":[{"taxonomy":"project_category","embeddable":true,"href":"https:\/\/treteaux.ch\/cms\/wp-json\/wp\/v2\/project_category?post=6469"},{"taxonomy":"project_tag","embeddable":true,"href":"https:\/\/treteaux.ch\/cms\/wp-json\/wp\/v2\/project_tag?post=6469"}],"curies":[{"name":"wp","href":"https:\/\/api.w.org\/{rel}","templated":true}]}}

<p><div class="et_d4_element et_pb_section et_pb_section_0 et_pb_with_background  et_pb_css_mix_blend_mode et_section_regular et_block_section" >
				
				
				
				
				
				
				<div class="et_d4_element et_pb_row et_pb_row_0  et_pb_css_mix_blend_mode et_block_row">
				<div class="et_d4_element et_pb_column_4_4 et_pb_column et_pb_column_0  et_pb_css_mix_blend_mode et-last-child et_block_column">
				
				
				
				
				<div class="et_pb_module et_d4_element et_pb_text et_pb_text_0  et_pb_text_align_center et_pb_bg_layout_light">
				
				
				
				
				<div class="et_pb_text_inner"><h3>17novembre</h3>
<h2>Spectacle des enfants des Tréteaux</h2></div>
			</div>
			</div>
				
				
				
				
			</div><div class="et_d4_element et_pb_row et_pb_row_1  et_pb_css_mix_blend_mode et_block_row">
				<div class="et_d4_element et_pb_column_3_5 et_pb_column et_pb_column_1  et_pb_css_mix_blend_mode et_block_column">
				
				
				
				
				<div class="et_pb_module et_d4_element et_pb_image et_pb_image_0">
				
				
				
				
				<span class="et_pb_image_wrap has-box-shadow-overlay"><div class="box-shadow-overlay"></div><img loading="lazy" decoding="async" width="300" height="174" src="https://treteaux.ch/cms/wp-content/uploads/2019/10/GrandMa-300x174.jpg" alt="" title="" class="wp-image-6484" /></span>
			</div>
			</div><div class="et_d4_element et_pb_column_2_5 et_pb_column et_pb_column_2  et_pb_css_mix_blend_mode et-last-child et_block_column">
				
				
				
				
				<div class="et_pb_module et_d4_element et_pb_cta_0 et_pb_promo  et_pb_text_align_left et_pb_bg_layout_light">
				
				
				
				
				<div class="et_pb_promo_description"><h3 class="et_pb_module_header">Grand’Ma, un conte pour les familles</h3><div><span> Les enfants des Tréteaux participent à la deuxième partie du spectacle du <a href="http://www.musiquebulle.ch/cms/index.php?idm=15_10&amp;idg=15&amp;page=Agenda" target="_blank" rel="noopener noreferrer">Corps de Musique de la Ville de Bulle</a> avec </span></p>
<p style="text-align: center; font-size:3vh"><b>Grand’Ma</b></p>
<p style="text-align: center; font-size:2vh"><b>un conte pour les familles</b></p>
<p><span>le dimanche 17 novembre à 10.30 h. </span></p>
<p><span>Lieu : l’Aula du CO de Bulle. </span></p>
<p><span><strong>Venez supporter notre troupe d’enfants</strong>, entrée libre !</span></div></div>
				
			</div>
			</div>
				
				
				
				
			</div>
				
				
			</div><div class="et_d4_element et_pb_section et_pb_section_1  et_pb_css_mix_blend_mode et_section_regular et_block_section" >
				
				
				
				
				
				
				<div class="et_d4_element et_pb_row et_pb_row_2  et_pb_css_mix_blend_mode et_block_row">
				<div class="et_d4_element et_pb_column_4_4 et_pb_column et_pb_column_3  et_pb_css_mix_blend_mode et-last-child et_block_column">
				
				
				
				
				<div class="et_pb_module et_d4_element et_pb_text et_pb_text_1  et_pb_text_align_left et_pb_bg_layout_light">
				
				
				
				
				<div class="et_pb_text_inner">[pdf-embedder url="https://treteaux.ch/cms/wp-content/uploads/securepdfs/2019/10/Affiche-GrandMa.pdf"]</div>
			</div>
			</div>
				
				
				
				
			</div>
				
				
			</div></p>
