{"id":6589,"date":"2020-12-02T01:00:33","date_gmt":"2020-12-02T00:00:33","guid":{"rendered":"http:\/\/treteaux.ch\/?post_type=project&#038;p=6589"},"modified":"2020-11-30T12:07:31","modified_gmt":"2020-11-30T11:07:31","slug":"saint-nicolas-confine","status":"publish","type":"project","link":"https:\/\/treteaux.ch\/cms\/project\/saint-nicolas-confine\/","title":{"rendered":"Saint-Nicolas confin\u00e9 d\u00e9livre son message"},"content":{"rendered":"<p><div class=\"et_d4_element et_pb_section et_pb_section_0  et_pb_css_mix_blend_mode et_pb_fullwidth_section et_section_regular et_block_section\" >\n\t\t\t\t\n\t\t\t\t\n\t\t\t\t\n\t\t\t\t\n\t\t\t\t\n\t\t\t\t\n\t\t\t\t<div class=\"et_pb_module et_d4_element et_pb_nextend_smart_slider_3_fullwidth et_pb_nextend_smart_slider_3_fullwidth_0\">\n\t\t\t\t\n\t\t\t\t\n\t\t\t\t\n\t\t\t\t\n\t\t\t\t\n\t\t\t\t\n\t\t\t\t<div class=\"et_pb_module_inner\">\n\t\t\t\t\t\n\t\t\t\t<\/div>\n\t\t\t<\/div>\n\t\t\t\t\n\t\t\t\t\n\t\t\t<\/div><div class=\"et_d4_element et_pb_section et_pb_section_1  et_pb_css_mix_blend_mode et_section_regular et_block_section\" >\n\t\t\t\t\n\t\t\t\t\n\t\t\t\t\n\t\t\t\t\n\t\t\t\t\n\t\t\t\t\n\t\t\t\t<div class=\"et_d4_element et_pb_row et_pb_row_0  et_pb_css_mix_blend_mode et_block_row\">\n\t\t\t\t<div class=\"et_d4_element et_pb_column_4_4 et_pb_column et_pb_column_0  et_pb_css_mix_blend_mode et-last-child et_block_column\">\n\t\t\t\t\n\t\t\t\t\n\t\t\t\t\n\t\t\t\t\n\t\t\t\t<div class=\"et_pb_module et_d4_element et_pb_text et_pb_text_0  et_pb_text_align_left et_pb_bg_layout_light\">\n\t\t\t\t\n\t\t\t\t\n\t\t\t\t\n\t\t\t\t\n\t\t\t\t<div class=\"et_pb_text_inner\"><h1 style=\"text-align: center;\"><strong>Saint Nicolas confin\u00e9 d\u00e9livre son message<\/strong><\/h1>\n<p><strong>Saint Nicolas f\u00eate cette ann\u00e9e les 75 ans de la tradition bulloise. Le programme pr\u00e9vu ne peut r\u00e9unir la population et tous les \u00e9v\u00e9nements publics et priv\u00e9s sont annul\u00e9s. Mais Saint Nicolas n\u2019a pas oubli\u00e9 les enfants et, exceptionnellement, vu la situation, il leur d\u00e9livre son traditionnel message dans deux vid\u00e9os accessibles en ligne du 2 d\u00e9cembre au 10 janvier.<\/strong><\/p><\/div>\n\t\t\t<\/div>\n\t\t\t<\/div>\n\t\t\t\t\n\t\t\t\t\n\t\t\t\t\n\t\t\t\t\n\t\t\t<\/div><div class=\"et_d4_element et_pb_row et_pb_row_1  et_pb_css_mix_blend_mode et_block_row\">\n\t\t\t\t<div class=\"et_d4_element et_pb_column_1_2 et_pb_column et_pb_column_1  et_pb_css_mix_blend_mode et_block_column\">\n\t\t\t\t\n\t\t\t\t\n\t\t\t\t\n\t\t\t\t\n\t\t\t\t<div class=\"et_pb_module et_d4_element et_pb_text et_pb_text_1  et_pb_text_align_left et_pb_bg_layout_light\">\n\t\t\t\t\n\t\t\t\t\n\t\t\t\t\n\t\t\t\t\n\t\t\t\t<div class=\"et_pb_text_inner\"><h1><strong style=\"font-size: 26px;\">\u00abSaint Nicolas ma belle histoire\u00bb<\/strong><\/h1>\n<p>Le r\u00e9cit de l\u2019album de Jean-Yves Piffard illustr\u00e9 par Julien Nicaud a \u00e9t\u00e9 mis en voix par les Tr\u00e9teaux de Chalamala.&nbsp; Ce projet a \u00e9t\u00e9 r\u00e9alis\u00e9 en collaboration avec la maison d\u2019\u00e9dition fribourgeoise Plumes d\u2019aujourd\u2019hui, aupr\u00e8s de laquelle l\u2019album peut \u00eatre command\u00e9 directement en ligne sur <a href=\"http:\/\/www.plumesdaujourdhui.ch\">www.plumesdaujourdhui.ch<\/a><\/p>\n<p>&nbsp;<\/p><\/div>\n\t\t\t<\/div><div class=\"et_pb_module et_d4_element et_pb_video et_pb_video_0\">\n\t\t\t\t\n\t\t\t\t\n\t\t\t\t\n\t\t\t\t\n\t\t\t\t<div class=\"et_pb_video_box\"><iframe loading=\"lazy\" title=\"Saint Nicolas ma belle histoire\" width=\"1080\" height=\"810\" src=\"https:\/\/www.youtube.com\/embed\/yu_hsQAvE88?feature=oembed\"  allow=\"accelerometer; autoplay; clipboard-write; encrypted-media; gyroscope; picture-in-picture; web-share\" referrerpolicy=\"strict-origin-when-cross-origin\" allowfullscreen><\/iframe><\/div>\n\t\t\t\t\n\t\t\t<\/div>\n\t\t\t<\/div><div class=\"et_d4_element et_pb_column_1_2 et_pb_column et_pb_column_2  et_pb_css_mix_blend_mode et-last-child et_block_column\">\n\t\t\t\t\n\t\t\t\t\n\t\t\t\t\n\t\t\t\t\n\t\t\t\t<div class=\"et_pb_module et_d4_element et_pb_text et_pb_text_2  et_pb_text_align_left et_pb_bg_layout_light\">\n\t\t\t\t\n\t\t\t\t\n\t\t\t\t\n\t\t\t\t\n\t\t\t\t<div class=\"et_pb_text_inner\"><h2><strong>\u00abLe Message de Saint Nicolas aux enfants\u00bb<\/strong><\/h2>\n<p>Saint Nicolas garde tous les enfants dans son vieux c\u0153ur. Lors de sa visite dans l\u2019exposition il a d\u00e9livr\u00e9 un message \u00e0 leur intention. Le reportage sur sa visite sera diffus\u00e9 le 3 d\u00e9cembre sur La T\u00e9l\u00e9 VD-FR.\u00a0<\/p><\/div>\n\t\t\t<\/div><div class=\"et_pb_module et_d4_element et_pb_video et_pb_video_1\">\n\t\t\t\t\n\t\t\t\t\n\t\t\t\t\n\t\t\t\t\n\t\t\t\t<div class=\"et_pb_video_box\"><iframe loading=\"lazy\" title=\"Le message de Saint Nicolas aux enfants (2020)\" width=\"1080\" height=\"608\" src=\"https:\/\/www.youtube.com\/embed\/ou2C6FG4tmo?feature=oembed\"  allow=\"accelerometer; autoplay; clipboard-write; encrypted-media; gyroscope; picture-in-picture; web-share\" referrerpolicy=\"strict-origin-when-cross-origin\" allowfullscreen><\/iframe><\/div>\n\t\t\t\t\n\t\t\t<\/div>\n\t\t\t<\/div>\n\t\t\t\t\n\t\t\t\t\n\t\t\t\t\n\t\t\t\t\n\t\t\t<\/div>\n\t\t\t\t\n\t\t\t\t\n\t\t\t<\/div><\/p>\n","protected":false},"excerpt":{"rendered":"","protected":false},"author":9,"featured_media":5614,"comment_status":"closed","ping_status":"closed","template":"","meta":{"_acf_changed":false,"ngg_post_thumbnail":0,"_et_pb_use_builder":"on","_et_pb_old_content":"","_et_gb_content_width":"","footnotes":""},"project_category":[27,28],"project_tag":[],"class_list":["post-6589","project","type-project","status-publish","has-post-thumbnail","hentry","project_category-saintnicolas","project_category-spectacle"],"acf":[],"jetpack_sharing_enabled":true,"_links":{"self":[{"href":"https:\/\/treteaux.ch\/cms\/wp-json\/wp\/v2\/project\/6589","targetHints":{"allow":["GET"]}}],"collection":[{"href":"https:\/\/treteaux.ch\/cms\/wp-json\/wp\/v2\/project"}],"about":[{"href":"https:\/\/treteaux.ch\/cms\/wp-json\/wp\/v2\/types\/project"}],"author":[{"embeddable":true,"href":"https:\/\/treteaux.ch\/cms\/wp-json\/wp\/v2\/users\/9"}],"replies":[{"embeddable":true,"href":"https:\/\/treteaux.ch\/cms\/wp-json\/wp\/v2\/comments?post=6589"}],"version-history":[{"count":18,"href":"https:\/\/treteaux.ch\/cms\/wp-json\/wp\/v2\/project\/6589\/revisions"}],"predecessor-version":[{"id":6665,"href":"https:\/\/treteaux.ch\/cms\/wp-json\/wp\/v2\/project\/6589\/revisions\/6665"}],"wp:featuredmedia":[{"embeddable":true,"href":"https:\/\/treteaux.ch\/cms\/wp-json\/wp\/v2\/media\/5614"}],"wp:attachment":[{"href":"https:\/\/treteaux.ch\/cms\/wp-json\/wp\/v2\/media?parent=6589"}],"wp:term":[{"taxonomy":"project_category","embeddable":true,"href":"https:\/\/treteaux.ch\/cms\/wp-json\/wp\/v2\/project_category?post=6589"},{"taxonomy":"project_tag","embeddable":true,"href":"https:\/\/treteaux.ch\/cms\/wp-json\/wp\/v2\/project_tag?post=6589"}],"curies":[{"name":"wp","href":"https:\/\/api.w.org\/{rel}","templated":true}]}}

Saint-Nicolas confiné délivre son message

<p><div class="et_d4_element et_pb_section et_pb_section_0  et_pb_css_mix_blend_mode et_pb_fullwidth_section et_section_regular et_block_section" >
				
				
				
				
				
				
				<div class="et_pb_module et_d4_element et_pb_nextend_smart_slider_3_fullwidth et_pb_nextend_smart_slider_3_fullwidth_0">
				
				
				
				
				
				
				<div class="et_pb_module_inner">
					
				</div>
			</div>
				
				
			</div><div class="et_d4_element et_pb_section et_pb_section_1  et_pb_css_mix_blend_mode et_section_regular et_block_section" >
				
				
				
				
				
				
				<div class="et_d4_element et_pb_row et_pb_row_0  et_pb_css_mix_blend_mode et_block_row">
				<div class="et_d4_element et_pb_column_4_4 et_pb_column et_pb_column_0  et_pb_css_mix_blend_mode et-last-child et_block_column">
				
				
				
				
				<div class="et_pb_module et_d4_element et_pb_text et_pb_text_0  et_pb_text_align_left et_pb_bg_layout_light">
				
				
				
				
				<div class="et_pb_text_inner"><h1 style="text-align: center;"><strong>Saint Nicolas confiné délivre son message</strong></h1>
<p><strong>Saint Nicolas fête cette année les 75 ans de la tradition bulloise. Le programme prévu ne peut réunir la population et tous les événements publics et privés sont annulés. Mais Saint Nicolas n’a pas oublié les enfants et, exceptionnellement, vu la situation, il leur délivre son traditionnel message dans deux vidéos accessibles en ligne du 2 décembre au 10 janvier.</strong></p></div>
			</div>
			</div>
				
				
				
				
			</div><div class="et_d4_element et_pb_row et_pb_row_1  et_pb_css_mix_blend_mode et_block_row">
				<div class="et_d4_element et_pb_column_1_2 et_pb_column et_pb_column_1  et_pb_css_mix_blend_mode et_block_column">
				
				
				
				
				<div class="et_pb_module et_d4_element et_pb_text et_pb_text_1  et_pb_text_align_left et_pb_bg_layout_light">
				
				
				
				
				<div class="et_pb_text_inner"><h1><strong style="font-size: 26px;">«Saint Nicolas ma belle histoire»</strong></h1>
<p>Le récit de l’album de Jean-Yves Piffard illustré par Julien Nicaud a été mis en voix par les Tréteaux de Chalamala.&nbsp; Ce projet a été réalisé en collaboration avec la maison d’édition fribourgeoise Plumes d’aujourd’hui, auprès de laquelle l’album peut être commandé directement en ligne sur <a href="http://www.plumesdaujourdhui.ch">www.plumesdaujourdhui.ch</a></p>
<p>&nbsp;</p></div>
			</div><div class="et_pb_module et_d4_element et_pb_video et_pb_video_0">
				
				
				
				
				<div class="et_pb_video_box"><iframe loading="lazy" title="Saint Nicolas ma belle histoire" width="1080" height="810" src="https://www.youtube.com/embed/yu_hsQAvE88?feature=oembed"  allow="accelerometer; autoplay; clipboard-write; encrypted-media; gyroscope; picture-in-picture; web-share" referrerpolicy="strict-origin-when-cross-origin" allowfullscreen></iframe></div>
				
			</div>
			</div><div class="et_d4_element et_pb_column_1_2 et_pb_column et_pb_column_2  et_pb_css_mix_blend_mode et-last-child et_block_column">
				
				
				
				
				<div class="et_pb_module et_d4_element et_pb_text et_pb_text_2  et_pb_text_align_left et_pb_bg_layout_light">
				
				
				
				
				<div class="et_pb_text_inner"><h2><strong>«Le Message de Saint Nicolas aux enfants»</strong></h2>
<p>Saint Nicolas garde tous les enfants dans son vieux cœur. Lors de sa visite dans l’exposition il a délivré un message à leur intention. Le reportage sur sa visite sera diffusé le 3 décembre sur La Télé VD-FR. </p></div>
			</div><div class="et_pb_module et_d4_element et_pb_video et_pb_video_1">
				
				
				
				
				<div class="et_pb_video_box"><iframe loading="lazy" title="Le message de Saint Nicolas aux enfants (2020)" width="1080" height="608" src="https://www.youtube.com/embed/ou2C6FG4tmo?feature=oembed"  allow="accelerometer; autoplay; clipboard-write; encrypted-media; gyroscope; picture-in-picture; web-share" referrerpolicy="strict-origin-when-cross-origin" allowfullscreen></iframe></div>
				
			</div>
			</div>
				
				
				
				
			</div>
				
				
			</div></p>
